{"id":17,"date":"2018-10-19T09:13:31","date_gmt":"2018-10-19T07:13:31","guid":{"rendered":"http:\/\/kbjp-aichach.de\/?page_id=17"},"modified":"2019-05-19T19:18:36","modified_gmt":"2019-05-19T17:18:36","slug":"mitglied-werden","status":"publish","type":"page","link":"https:\/\/www.kbjp-aichach.de\/?page_id=17","title":{"rendered":"Mitglied werden"},"content":{"rendered":"\n<p>Sind Sie bayerischen Gebl\u00fct`s oder dem Stamme der Bayern und seinen Gebr\u00e4uchen zugetan, wollen Sie sich daf\u00fcr einsetzen, dass der Josefitag, der 19. M\u00e4rz wieder Feiertag wird ?<\/p>\n\n\n\n<p><a href=\"http:\/\/www.kbjp-aichach.de\/wp-content\/uploads\/2019\/03\/Aufnahmeantrag.pdf\">Hier k\u00f6nnen Sie sich den aktuellen Aufnahmeantrag downloaden<\/a><\/p>\n\n\n\n<p>Die Antr\u00e4ge werden nach Eingang des Mitgliedsbeitrages von uns schnellstm\u00f6glich bearbeitet. <\/p>\n\n\n\n<p>Unsere Bankdaten:<\/p>\n\n\n\n<p>Stadtsparkasse Aichach<br>IBAN: DE61 7205 1210 0000 4454 60 <br>BIC: BYLADEM1AIC<\/p>\n\n\n\n<p><a rel=\"noreferrer noopener\" aria-label=\"Datenschutzerkl\u00e4rung (\u00f6ffnet in neuem Tab)\" href=\"http:\/\/www.kbjp-aichach.de\/?page_id=172\" target=\"_blank\">Bitte beachten Sie die Datenschutzerkl\u00e4rung<\/a><\/p>\n","protected":false},"excerpt":{"rendered":"<p>Sind Sie bayerischen Gebl\u00fct`s oder dem Stamme der Bayern und seinen Gebr\u00e4uchen zugetan, wollen Sie sich daf\u00fcr einsetzen, dass der Josefitag, der 19. M\u00e4rz wieder Feiertag wird ? Hier k\u00f6nnen Sie sich den aktuellen Aufnahmeantrag downloaden Die Antr\u00e4ge werden nach Eingang des Mitgliedsbeitrages von uns schnellstm\u00f6glich bearbeitet. Unsere Bankdaten: Stadtsparkasse AichachIBAN: DE61 7205 1210 0000 &hellip; <a href=\"https:\/\/www.kbjp-aichach.de\/?page_id=17\" class=\"more-link\"><span class=\"screen-reader-text\">Mitglied werden<\/span> weiterlesen<\/a><\/p>\n","protected":false},"author":1,"featured_media":0,"parent":0,"menu_order":0,"comment_status":"closed","ping_status":"closed","template":"","meta":{"footnotes":""},"_links":{"self":[{"href":"https:\/\/www.kbjp-aichach.de\/index.php?rest_route=\/wp\/v2\/pages\/17"}],"collection":[{"href":"https:\/\/www.kbjp-aichach.de\/index.php?rest_route=\/wp\/v2\/pages"}],"about":[{"href":"https:\/\/www.kbjp-aichach.de\/index.php?rest_route=\/wp\/v2\/types\/page"}],"author":[{"embeddable":true,"href":"https:\/\/www.kbjp-aichach.de\/index.php?rest_route=\/wp\/v2\/users\/1"}],"replies":[{"embeddable":true,"href":"https:\/\/www.kbjp-aichach.de\/index.php?rest_route=%2Fwp%2Fv2%2Fcomments&post=17"}],"version-history":[{"count":28,"href":"https:\/\/www.kbjp-aichach.de\/index.php?rest_route=\/wp\/v2\/pages\/17\/revisions"}],"predecessor-version":[{"id":218,"href":"https:\/\/www.kbjp-aichach.de\/index.php?rest_route=\/wp\/v2\/pages\/17\/revisions\/218"}],"wp:attachment":[{"href":"https:\/\/www.kbjp-aichach.de\/index.php?rest_route=%2Fwp%2Fv2%2Fmedia&parent=17"}],"curies":[{"name":"wp","href":"https:\/\/api.w.org\/{rel}","templated":true}]}}