{"id":13,"date":"2018-10-19T09:13:31","date_gmt":"2018-10-19T07:13:31","guid":{"rendered":"http:\/\/kbjp-aichach.de\/?page_id=13"},"modified":"2019-06-10T12:39:55","modified_gmt":"2019-06-10T10:39:55","slug":"gruendung","status":"publish","type":"page","link":"https:\/\/www.kbjp-aichach.de\/?page_id=13","title":{"rendered":"Gr\u00fcndung"},"content":{"rendered":"\n<p>In Aichach finden sich in einem alten Turm der historischen Stadtmauer immer am Freitag Abend einige honorige M\u00e4nner, die sich die &#8222;damischen Ritter&#8220; nennen, zum gem\u00fctlichen Umtrunk zusammen.<\/p>\n\n\n\n<div class=\"wp-block-image\"><figure class=\"aligncenter\"><img loading=\"lazy\" decoding=\"async\" width=\"170\" height=\"171\" src=\"http:\/\/kbjp-aichach.de\/wp-content\/uploads\/2018\/11\/turm.jpg\" alt=\"\" class=\"wp-image-54\" srcset=\"https:\/\/www.kbjp-aichach.de\/wp-content\/uploads\/2018\/11\/turm.jpg 170w, https:\/\/www.kbjp-aichach.de\/wp-content\/uploads\/2018\/11\/turm-150x150.jpg 150w, https:\/\/www.kbjp-aichach.de\/wp-content\/uploads\/2018\/11\/turm-100x100.jpg 100w\" sizes=\"(max-width: 170px) 100vw, 170px\" \/><\/figure><\/div>\n\n\n\n<p>Der &#8222;Turmhauptmann&#8220; Herr Otto Steuerl war bei einem dieser Treffen im Jahre 1985 besonders \u00fcber die Abschaffung des &#8222;Josefstages&#8220; als Feiertag erbost. Er hielt sofort eine donnernde Rede und rezitierte \u00fcber die Geschichte dieses kirchlichen Feiertages. Der &#8222;heilige Josef&#8220;, Schutzpatron der Arbeiter, Handwerker und Zimmerleute, der Holzhauer, der Schreiner, Wagner und nicht zuletzt auch der Totengr\u00e4ber hat diese Abschaffung nicht verdient. In Bayern, und hier besonders im Alpenraum, ist dieser Josefstag schon immer mit reichem Brauchtum verbunden.<\/p>\n\n\n\n<div class=\"wp-block-image\"><figure class=\"aligncenter\"><img loading=\"lazy\" decoding=\"async\" width=\"87\" height=\"102\" src=\"http:\/\/kbjp-aichach.de\/wp-content\/uploads\/2018\/11\/zentrale_schild.jpg\" alt=\"\" class=\"wp-image-53\"\/><\/figure><\/div>\n\n\n\n<p><br>Zentrale<br>Er drohte der Politik, dass er, falls es der regierenden Partei in Bayern, &#8222;den Schwarzen&#8220;, nicht gelingen sollte, diesen Feiertag wieder einzuf\u00fchren, selbst eine Partei gr\u00fcnden werde, die nur dieses eine Ziel verfolgen wird. Noch in der selben Nacht setzte er sich hin und brachte die Satzung der &#8222;K\u00f6niglich-Bayerischen-Josefs-Partei&#8220; zu Papier. Er legte darin auch sofort den Mitgliedsbeitrag auf eine deutsche Mark j\u00e4hrlich fest, um jedem B\u00fcrger die Mitgliedschaft zu erm\u00f6glichen.<\/p>\n\n\n\n<p>Nie h\u00e4tte es sich der Otto Josef Steuerl damals tr\u00e4umen lassen, dass die Partei so einen gewaltigen Zulauf bekommen und sich so viele Menschen mit dem Parteiziel identifizieren w\u00fcrden.<\/p>\n\n\n\n<p>Heute z\u00e4hlt die Partei \u00fcber 6000 Mitglieder in \u00fcber 30 L\u00e4ndern. Unser Otto Josef Steuerl darf sich daher auch stolz Weltparteivorsitzender nennen.<\/p>\n\n\n\n<p><br><\/p>\n","protected":false},"excerpt":{"rendered":"<p>In Aichach finden sich in einem alten Turm der historischen Stadtmauer immer am Freitag Abend einige honorige M\u00e4nner, die sich die &#8222;damischen Ritter&#8220; nennen, zum gem\u00fctlichen Umtrunk zusammen. Der &#8222;Turmhauptmann&#8220; Herr Otto Steuerl war bei einem dieser Treffen im Jahre 1985 besonders \u00fcber die Abschaffung des &#8222;Josefstages&#8220; als Feiertag erbost. Er hielt sofort eine donnernde &hellip; <a href=\"https:\/\/www.kbjp-aichach.de\/?page_id=13\" class=\"more-link\"><span class=\"screen-reader-text\">Gr\u00fcndung<\/span> weiterlesen<\/a><\/p>\n","protected":false},"author":1,"featured_media":0,"parent":0,"menu_order":0,"comment_status":"closed","ping_status":"closed","template":"","meta":{"footnotes":""},"_links":{"self":[{"href":"https:\/\/www.kbjp-aichach.de\/index.php?rest_route=\/wp\/v2\/pages\/13"}],"collection":[{"href":"https:\/\/www.kbjp-aichach.de\/index.php?rest_route=\/wp\/v2\/pages"}],"about":[{"href":"https:\/\/www.kbjp-aichach.de\/index.php?rest_route=\/wp\/v2\/types\/page"}],"author":[{"embeddable":true,"href":"https:\/\/www.kbjp-aichach.de\/index.php?rest_route=\/wp\/v2\/users\/1"}],"replies":[{"embeddable":true,"href":"https:\/\/www.kbjp-aichach.de\/index.php?rest_route=%2Fwp%2Fv2%2Fcomments&post=13"}],"version-history":[{"count":6,"href":"https:\/\/www.kbjp-aichach.de\/index.php?rest_route=\/wp\/v2\/pages\/13\/revisions"}],"predecessor-version":[{"id":224,"href":"https:\/\/www.kbjp-aichach.de\/index.php?rest_route=\/wp\/v2\/pages\/13\/revisions\/224"}],"wp:attachment":[{"href":"https:\/\/www.kbjp-aichach.de\/index.php?rest_route=%2Fwp%2Fv2%2Fmedia&parent=13"}],"curies":[{"name":"wp","href":"https:\/\/api.w.org\/{rel}","templated":true}]}}